y 26?
25
Calculate the remainder when 479 is divided by 60.
59
What is the remainder when 257 is divided by 13?
10
What is the remainder when 135 is divided by 127?
8
Calculate the remainder when 733 is divided by 187.
172
Calculate the remainder when 621 is divided by 150.
21
Calculate the remainder when 136 is divided by 36.
28
Calculate the remainder when 98 is divided by 83.
15
What is the remainder when 240 is divided by 208?
32
What is the remainder when 376 is divided by 38?
34
Calculate the remainder when 101 is divided by 34.
33
Calculate the remainder when 1563 is divided by 385.
23
Calculate the remainder when 294 is divided by 85.
39
Calculate the remainder when 1023 is divided by 176.
143
Calculate the remainder when 1094 is divided by 15.
14
What is the remainder when 437 is divided by 10?
7
What is the remainder when 170 is divided by 131?
39
What is the remainder when 1880 is divided by 61?
50
Calculate the remainder when 889 is divided by 244.
157
Calculate the remainder when 1706 is divided by 15.
11
Calculate the remainder when 1277 is divided by 9.
8
What is the remainder when 557 is divided by 31?
30
Calculate the remainder when 41 is divided by 4.
1
What is the remainder when 18 is divided by 15?
3
Calculate the remainder when 6176 is divided by 103.
99
Calculate the remainder when 895 is divided by 16.
15
Calculate the remainder when 838 is divided by 15.
13
What is the remainder when 86 is divided by 31?
24
Calculate the remainder when 59 is divided by 21.
17
Calculate the remainder when 11334 is divided by 104.
102
Calculate the remainder when 183 is divided by 14.
1
Calculate the remainder when 49 is divided by 13.
10
What is the remainder when 571 is divided by 55?
21
What is the remainder when 911 is divided by 83?
81
What is the remainder when 2743 is divided by 32?
23
Calculate the remainder when 5075 is divided by 1691.
2
What is the remainder when 261 is divided by 70?
51
What is the remainder when 6423 is divided by 292?
291
What is the remainder when 1470 is divided by 184?
182
What is the remainder when 532 is divided by 37?
14
What is the remainder when 62 is divided by 27?
8
What is the remainder when 231 is divided by 63?
42
What is the remainder when 174 is divided by 8?
6
What is the remainder when 1068 is divided by 39?
15
What is the remainder when 41 is divided by 35?
6
Calculate the remainder when 1675 is divided by 70.
65
What is the remainder when 6934 is divided by 68?
66
What is the remainder when 22 is divided by 9?
4
Calculate the remainder when 823 is divided by 38.
25
Calculate the remainder when 5070 is divided by 95.
35
What is the remainder when 1595 is divided by 47?
44
What is the remainder when 676 is divided by 10?
6
Calculate the remainder when 5017 is divided by 417.
13
Calculate the remainder when 71 is divided by 44.
27
Calculate the remainder when 1941 is divided by 483.
9
Calculate the remainder when 90 is divided by 31.
28
Calculate the remainder when 551 is divided by 211.
129
What is the remainder when 344 is divided by 164?
16
Calculate the remainder when 246 is divided by 66.
48
What is the remainder when 49 is divided by 11?
5
Calculate the remainder when 1121 is divided by 45.
41
Calculate the remainder when 734 is divided by 477.
257
What is the remainder when 3545 is divided by 103?
43
What is the remainder when 53 is divided by 6?
5
What is the remainder when 1277 is divided by 16?
13
What is the remainder when 4156 is divided by 20?
16
Calculate the remainder when 2315 is divided by 38.
35
What is the remainder when 2741 is divided by 554?
525
Calculate the remainder when 12529 is divided by 358.
357
What is the remainder when 112 is divided by 35?
7
What is the remainder when 306 is divided by 101?
3
Calculate the remainder when 423 is divided by 61.
57
What is the remainder when 69717 is divided by 11?
10
Calculate the remainder when 13463 is divided by 396.
395
Calculate the remainder when 7550 is divided by 59.
57
What is the remainder when 124 is divided by 39?
7
Calculate the remainder when 128 is divided by 33.
29
Calculate the remainder when 470 is divided by 130.
80
What is the remainder when 8105 is divided by 121?
119
Calculate the remainder when 92 is divided by 20.
12
Calculate the remainder when 2141 is divided by 102.
101
Calculate the remainder when 1827 is divided by 59.
57
Calculate the remainder when 9397 is divided by 10.
7
What is the remainder when 728 is divided by 43?
40
What is the remainder when 230 is divided by 75?
5
Calculate the remainder when 201 is divided by 33.
3
Calculate the remainder when 294 is divided by 86.
36
What is the remainder when 267 is divided by 58?
35
Calculate the remainder when 7860 is divided by 231.
6
Calculate the remainder when 218 is divided by 16.
10
Calculate the remainder when 133 is divided by 25.
8
What is the remainder when 37 is divided by 15?
7
Calculate the remainder when 633 is divided by 168.
129
Calculate the remainder when 56 is divided by 17.
5
What is the remainder when 735 is divided by 115?
45
What is the remainder when 452 is divided by 91?
88
Calculate the remainder when 2023 is divided by 12.
7
What is the remainder when 42 is divided by 30?
12
What is the remainder when 2224 is divided by 740?
4
What is the remainder when 381 is divided by 86?
37
What is the remainder when 117 is divided by 38?
3
Calculate the remainder when 162 is divided by 107.
55
What is the remainder when 6172 is divided by 3079?
14
What is the remainder when 869 is divided by 38?
33
What is the remainder when 68 is divided by 12?
8
What is the remainder when 1386 is divided by 8?
2
What is the remainder when 40 is divided by 23?
17
What is the remainder when 1051 is divided by 176?
171
Calculate the remainder when 2654 is divided by 178.
162
What is the remainder when 5548 is divided by 7?
4
Calculate the remainder when 774 is divided by 21.
18
What is the remainder when 67 is divided by 20?
7
Calculate the remainder when 138 is divided by 39.
21
Calculate the remainder when 3536 is divided by 3.
2
Calculate the remainder when 56 is divided by 22.
12
Calculate the remainder when 437 is divided by 49.
45
What is the remainder when 277 is divided by 103?
71
What is the remainder when 1371 is divided by 51?
45
What is the remainder when 130 is divided by 22?
20
Calculate the remainder when 165 is divided by 159.
6
Calculate the remainder when 70 is divided by 56.
14
What is the remainder when 89 is divided by 45?
44
What is the remainder when 33 is divided by 10?
3
What is the remainder when 1967 is divided by 9?
5
Calculate the remainder when 22 is divided by 6.
4
Calculate the remainder when 203 is divided by 55.
38
What is the remainder when 525 is divided by 132?
129
Calculate the remainder when 1079 is divided by 20.
19
Calculate the remainder when 215 is divided by 6.
5
Calculate the remainder when 1023 is divided by 9.
6
Calculate the remainder when 564 is divided by 27.
24
Calculate the remainder when 978 is divided by 109.
106
Calculate the remainder when 11 is divided by 10.
1
Calculate the remainder when 1181 is divided by 575.
31
What is the remainder when 494 is divided by 50?
44
Calculate the remainder when 121 is divided by 22.
11
What is the remainder when 207 is divided by 182?
25
What is the remainder when 297 is divided by 15?
12
What is the remainder when 63 is divided by 4?
3
What is the remainder when 216 is divided by 124?
92
Calculate the remainder when 372 is divided by 27.
21
What is the remainder when 81 is divided by 13?
3
What is the remainder when 88 is divided by 21?
4
Calculate the remainder when 840 is divided by 2.
0
What is the remainder when 158 is divided by 142?
16
Calculate the remainder when 89 is divided by 27.
8
Calculate the remainder when 417 is divided by 83.
2
Calculate the remainder when 45 is divided by 10.
5
Calculate the remainder when 24875 is divided by 12.
11
Calculate the remainder when 843 is divided by 152.
83
Calculate the remainder when 67 is divided by 60.
7
What is the remainder when 3078 is divided by 13?
10
Calculate the remainder when 77 is divided by 24.
5
What is the remainder when 1078 is divided by 30?
28
Calculate the remainder when 78 is divided by 5